{"id":3373,"date":"2026-03-30T12:28:44","date_gmt":"2026-03-30T12:28:44","guid":{"rendered":"https:\/\/www.gardenmood.be\/?page_id=3373"},"modified":"2026-03-30T13:34:19","modified_gmt":"2026-03-30T13:34:19","slug":"3373-2","status":"publish","type":"page","link":"https:\/\/www.gardenmood.be\/index.php\/3373-2\/","title":{"rendered":"POLITIQUE DE CONFIDENTIALIT\u00c9 (RGPD)"},"content":{"rendered":"<div class=\"wpb-content-wrapper\"><p>[vc_row][vc_column][vc_column_text css=\u00a0\u00bb\u00a0\u00bb]<\/p>\n<ul data-start=\"4052\" data-end=\"4107\">\n<li data-section-id=\"12f6hxd\" data-start=\"4081\" data-end=\"4107\">\n<h1 data-section-id=\"wfd8eb\" data-start=\"3885\" data-end=\"3928\">\ud83d\udcc4 3. POLITIQUE DE CONFIDENTIALIT\u00c9 (RGPD)<\/h1>\n<h2 data-section-id=\"ihq4sk\" data-start=\"3930\" data-end=\"3961\">Politique de confidentialit\u00e9<\/h2>\n<h3 data-section-id=\"k94eg4\" data-start=\"3963\" data-end=\"3990\">1. Collecte des donn\u00e9es<\/h3>\n<p data-start=\"3992\" data-end=\"4051\">Le site peut collecter certaines donn\u00e9es personnelles via :<\/p>\n<ul data-start=\"4052\" data-end=\"4107\">\n<li data-section-id=\"1c96u34\" data-start=\"4052\" data-end=\"4080\">Le formulaire de contact<\/li>\n<li data-section-id=\"12f6hxd\" data-start=\"4081\" data-end=\"4107\">Les \u00e9changes par email<\/li>\n<\/ul>\n<p data-start=\"4109\" data-end=\"4149\">Les donn\u00e9es collect\u00e9es peuvent inclure :<\/p>\n<ul data-start=\"4150\" data-end=\"4211\">\n<li data-section-id=\"16v88zo\" data-start=\"4150\" data-end=\"4157\">Nom<\/li>\n<li data-section-id=\"14i9cz7\" data-start=\"4158\" data-end=\"4175\">Adresse email<\/li>\n<li data-section-id=\"1m5x4nj\" data-start=\"4176\" data-end=\"4199\">Num\u00e9ro de t\u00e9l\u00e9phone<\/li>\n<li data-section-id=\"1qnu2tf\" data-start=\"4200\" data-end=\"4211\">Message<\/li>\n<\/ul>\n<hr data-start=\"4213\" data-end=\"4216\" \/>\n<h3 data-section-id=\"1125mma\" data-start=\"4218\" data-end=\"4233\">2. Finalit\u00e9<\/h3>\n<p data-start=\"4235\" data-end=\"4279\">Les donn\u00e9es sont utilis\u00e9es uniquement pour :<\/p>\n<ul data-start=\"4280\" data-end=\"4365\">\n<li data-section-id=\"ja52x9\" data-start=\"4280\" data-end=\"4316\">R\u00e9pondre aux demandes de contact<\/li>\n<li data-section-id=\"17cdb3r\" data-start=\"4317\" data-end=\"4337\">\u00c9tablir un devis<\/li>\n<li data-section-id=\"1sxa7yx\" data-start=\"4338\" data-end=\"4365\">Assurer le suivi client<\/li>\n<\/ul>\n<p data-start=\"4367\" data-end=\"4419\">Aucune donn\u00e9e n\u2019est vendue ou transmise \u00e0 des tiers.<\/p>\n<hr data-start=\"4421\" data-end=\"4424\" \/>\n<h3 data-section-id=\"ramy3c\" data-start=\"4426\" data-end=\"4454\">3. Dur\u00e9e de conservation<\/h3>\n<p data-start=\"4456\" data-end=\"4555\">Les donn\u00e9es sont conserv\u00e9es uniquement le temps n\u00e9cessaire \u00e0 la gestion de la relation commerciale.<\/p>\n<hr data-start=\"4557\" data-end=\"4560\" \/>\n<h3 data-section-id=\"8ejoeu\" data-start=\"4562\" data-end=\"4577\">4. S\u00e9curit\u00e9<\/h3>\n<p data-start=\"4579\" data-end=\"4677\">Valentin De Busscher met en \u0153uvre des mesures raisonnables pour prot\u00e9ger les donn\u00e9es personnelles.<\/p>\n<hr data-start=\"4679\" data-end=\"4682\" \/>\n<h3 data-section-id=\"1lnourm\" data-start=\"4684\" data-end=\"4714\">5. Droits des utilisateurs<\/h3>\n<p data-start=\"4716\" data-end=\"4773\">Conform\u00e9ment au RGPD, vous disposez des droits suivants :<\/p>\n<ul data-start=\"4774\" data-end=\"4866\">\n<li data-section-id=\"1xqerjf\" data-start=\"4774\" data-end=\"4791\">Droit d\u2019acc\u00e8s<\/li>\n<li data-section-id=\"1fd4r6d\" data-start=\"4792\" data-end=\"4818\">Droit de rectification<\/li>\n<li data-section-id=\"1s65qt0\" data-start=\"4819\" data-end=\"4843\">Droit de suppression<\/li>\n<li data-section-id=\"1owpng7\" data-start=\"4844\" data-end=\"4866\">Droit d\u2019opposition<\/li>\n<\/ul>\n<p data-start=\"4868\" data-end=\"4917\">Pour exercer ces droits :<br data-start=\"4893\" data-end=\"4896\" \/>Email : (\u00e0 compl\u00e9ter)<\/p>\n<hr data-start=\"4919\" data-end=\"4922\" \/>\n<h3 data-section-id=\"1ozio95\" data-start=\"4924\" data-end=\"4938\">6. Cookies<\/h3>\n<p data-start=\"4940\" data-end=\"4980\">Le site peut utiliser des cookies pour :<\/p>\n<ul data-start=\"4981\" data-end=\"5042\">\n<li data-section-id=\"bfoajw\" data-start=\"4981\" data-end=\"5019\">Am\u00e9liorer l\u2019exp\u00e9rience utilisateur<\/li>\n<li data-section-id=\"49jn0i\" data-start=\"5020\" data-end=\"5042\">Mesurer l\u2019audience<\/li>\n<\/ul>\n<p data-start=\"5044\" data-end=\"5114\">L\u2019utilisateur peut configurer son navigateur pour refuser les cookies.<\/p>\n<hr data-start=\"5116\" data-end=\"5119\" \/>\n<h3 data-section-id=\"16wv6r3\" data-start=\"5121\" data-end=\"5153\">7. Responsable du traitement<\/h3>\n<p data-start=\"5155\" data-end=\"5248\">Responsable :<br data-start=\"5168\" data-end=\"5171\" \/><strong data-start=\"5171\" data-end=\"5195\">Valentin De Busscher<\/strong><br data-start=\"5195\" data-end=\"5198\" \/>24 rue de Boign\u00e9e 24<br data-start=\"5218\" data-end=\"5221\" \/>5140 Sombreffe<br data-start=\"5235\" data-end=\"5238\" \/>Belgique<\/p>\n<\/li>\n<\/ul>\n<p>[\/vc_column_text][\/vc_column][\/vc_row]<\/p>\n<\/div>","protected":false},"excerpt":{"rendered":"<p>[vc_row][vc_column][vc_column_text css=\u00a0\u00bb\u00a0\u00bb] \ud83d\udcc4 3. POLITIQUE DE CONFIDENTIALIT\u00c9 (RGPD) Politique de confidentialit\u00e9 1. Collecte des donn\u00e9es Le site peut collecter certaines donn\u00e9es personnelles via : Le formulaire de contact Les \u00e9changes par email Les donn\u00e9es collect\u00e9es peuvent inclure : Nom Adresse email Num\u00e9ro de t\u00e9l\u00e9phone Message 2. Finalit\u00e9 Les donn\u00e9es sont utilis\u00e9es uniquement pour : R\u00e9pondre<\/p>\n<div class=\"text-left\"><a class=\"btn btn-main btn-lg\" href=\"https:\/\/www.gardenmood.be\/index.php\/3373-2\/\" >READ MORE<\/a><\/div>\n","protected":false},"author":1,"featured_media":0,"parent":0,"menu_order":0,"comment_status":"closed","ping_status":"closed","template":"","meta":{"footnotes":""},"class_list":["post-3373","page","type-page","status-publish","hentry","blog-item"],"_links":{"self":[{"href":"https:\/\/www.gardenmood.be\/index.php\/wp-json\/wp\/v2\/pages\/3373","targetHints":{"allow":["GET"]}}],"collection":[{"href":"https:\/\/www.gardenmood.be\/index.php\/wp-json\/wp\/v2\/pages"}],"about":[{"href":"https:\/\/www.gardenmood.be\/index.php\/wp-json\/wp\/v2\/types\/page"}],"author":[{"embeddable":true,"href":"https:\/\/www.gardenmood.be\/index.php\/wp-json\/wp\/v2\/users\/1"}],"replies":[{"embeddable":true,"href":"https:\/\/www.gardenmood.be\/index.php\/wp-json\/wp\/v2\/comments?post=3373"}],"version-history":[{"count":3,"href":"https:\/\/www.gardenmood.be\/index.php\/wp-json\/wp\/v2\/pages\/3373\/revisions"}],"predecessor-version":[{"id":3384,"href":"https:\/\/www.gardenmood.be\/index.php\/wp-json\/wp\/v2\/pages\/3373\/revisions\/3384"}],"wp:attachment":[{"href":"https:\/\/www.gardenmood.be\/index.php\/wp-json\/wp\/v2\/media?parent=3373"}],"curies":[{"name":"wp","href":"https:\/\/api.w.org\/{rel}","templated":true}]}}