{"id":686,"date":"2017-03-17T12:59:40","date_gmt":"2017-03-17T12:59:40","guid":{"rendered":"http:\/\/localhost:8080\/urok\/?page_id=686"},"modified":"2026-04-09T08:15:34","modified_gmt":"2026-04-09T08:15:34","slug":"home","status":"publish","type":"page","link":"https:\/\/www.gardenmood.be\/","title":{"rendered":"Home"},"content":{"rendered":"<div class=\"wpb-content-wrapper\"><p>[vc_row full_width=\u00a0\u00bbstretch_row_content_no_spaces\u00a0\u00bb][vc_column]<section class=\"home bg mask pattern op8 parallax\" data-background=\"https:\/\/www.gardenmood.be\/wp-content\/uploads\/2026\/03\/ijioj.jpg\"><div class=\"js-height-100\"><div class=\"home-content-center\"><div class=\"home-block\"><div class=\"container\"><div class=\"row\"><div class=\"col-md-10 col-md-offset-1\"><div id=\"typed-strings\"><p><strong>Jardinier en Brabant wallon \u2013 Cr\u00e9ation et entretien de jardins<\/strong><\/p><\/div><h1 class=\"home-title-1 text-center\"><span id=\"typed\"><\/span><\/h1><div class=\"home-line-1 hidden-xs\"><\/div><p class=\"white text-center hidden-xs\">Intervention rapide dans tout le Brabant wallon : Wavre, Grez-Doiceau, Beauvechain, Rixensart, Jodoigne, Incourt, Perwez et alentours.<\/p><div class=\"text-center hidden-xs\"><\/div><\/div><\/div><\/div><\/div><\/div><div class=\"scroll-info\"><\/div><\/div><section class=\"half-section-square\"><div class=\"container\"><div class=\"row relative\"><div class=\"col-md-6 zi1 col-no-p\"><div class=\"swiper-1 swiper-hs-square js-hs-height hs-height-i\"><div class=\"swiper-wrapper\"><div class=\"swiper-slide bg\" data-background=\"https:\/\/www.gardenmood.be\/wp-content\/uploads\/2026\/02\/IMG_8314-2.jpeg\"><a href=\"https:\/\/www.gardenmood.be\/wp-content\/uploads\/2026\/02\/IMG_8314-2.jpeg\" class=\"mp-gallery-1\" title=\"Jardinier en Brabant wallon \u2013 Cr\u00e9ation et entretien de jardin\"><div class=\"gallery-button \"><\/div><\/a><\/div><\/div><\/div><\/div><div class=\"triangle bggray\"><\/div><\/div><\/div><div class=\"section-contents\"><div class=\"container section-gray\"><div class=\"row hs-height-c\"><div class=\"col-md-4 col-md-offset-7 col-sm-10 col-sm-offset-1 os-animation\" data-os-animation=\"fadeIn\" data-os-animation-delay=\".3\"><div class=\"contents  steel\"><h2 class=\"title half-title\">Jardinier en Brabant wallon \u2013 Cr\u00e9ation et entretien de jardin<\/h2><p><\/p>\n<p data-start=\"354\" data-end=\"631\">Vous recherchez un jardinier professionnel en Brabant wallon pour entretenir ou am\u00e9nager votre jardin ?<br data-start=\"457\" data-end=\"460\" \/>Sp\u00e9cialis\u00e9 dans la cr\u00e9ation de jardins, l\u2019entretien r\u00e9gulier, la tonte de pelouse et la taille de haies, je vous propose un service fiable, soign\u00e9 et adapt\u00e9 \u00e0 vos besoins.<\/p>\n<p data-start=\"633\" data-end=\"748\">Intervention rapide dans tout le Brabant wallon : Wavre, Grez-Doiceau, Ottignies, Rixensart, Waterloo et alentours.<\/p>\n<p><\/p><\/div><\/div><\/div><\/div><\/div><\/section><section class=\"half-section-square\"><div class=\"container\"><div class=\"row relative\"><div class=\"col-md-6 col-md-offset-6 col-no-p\"><div class=\"swiper-2 swiper-hs-square js-hs-height hs-height-i\"><div class=\"swiper-wrapper\"><div class=\"swiper-slide bg\" data-background=\"https:\/\/www.gardenmood.be\/wp-content\/uploads\/2026\/03\/IMG_5533-2.jpeg\"><a href=\"https:\/\/www.gardenmood.be\/wp-content\/uploads\/2026\/03\/IMG_5533-2.jpeg\" class=\"mp-gallery-1\" title=\"Entretien de jardin en Brabant wallon\"><div class=\"gallery-button right\"><\/div><\/a><\/div><\/div><\/div><\/div><div class=\"triangle bggray\"><\/div><\/div><\/div><div class=\"section-contents\"><div class=\"container section-gray\"><div class=\"row hs-height-c\"><div class=\"col-md-4 col-md-offset-1 col-sm-10 col-sm-offset-1 os-animation\" data-os-animation=\"fadeIn\" data-os-animation-delay=\".3\"><div class=\"contents text-right steel\"><h2 class=\"title half-title\">Entretien de jardin en Brabant wallon<\/h2><p><\/p>\n<p data-start=\"802\" data-end=\"1014\">Un jardin demande un entretien r\u00e9gulier pour rester propre, sain et agr\u00e9able toute l\u2019ann\u00e9e.<br data-start=\"893\" data-end=\"896\" \/>Je prends en charge l\u2019entretien complet de votre jardin, que ce soit de mani\u00e8re ponctuelle ou via un contrat r\u00e9gulier.<\/p>\n<p data-start=\"1016\" data-end=\"1029\">Prestations :<\/p>\n<ul data-start=\"1030\" data-end=\"1140\">\n<li data-section-id=\"1pb4thm\" data-start=\"1030\" data-end=\"1056\">D\u00e9sherbage des massifs<\/li>\n<li data-section-id=\"1sqz4ob\" data-start=\"1057\" data-end=\"1088\">Nettoyage g\u00e9n\u00e9ral du jardin<\/li>\n<li data-section-id=\"2iylin\" data-start=\"1089\" data-end=\"1115\">Ramassage des feuilles<\/li>\n<li data-section-id=\"13dqgf\" data-start=\"1116\" data-end=\"1140\">Entretien saisonnier<\/li>\n<\/ul>\n<p data-start=\"1142\" data-end=\"1249\">Un jardin bien entretenu valorise votre habitation et vous permet de profiter pleinement de vos ext\u00e9rieurs.<\/p>\n<p><\/p><\/div><\/div><\/div><\/div><\/div><\/section><\/div>[\/vc_column][\/vc_row][vc_row full_width=\u00a0\u00bbstretch_row\u00a0\u00bb equal_height=\u00a0\u00bbyes\u00a0\u00bb css=\u00a0\u00bb.vc_custom_1775721801962{margin-top: 50px !important;background-color: #f5f7f7 !important;}\u00a0\u00bb][vc_column width=\u00a0\u00bb1\/2&Prime; klb_responsive=\u00a0\u00bb.vc_custom_1489996579417{padding-right: 0px !important;padding-left: 0px !important;}\u00a0\u00bb]<h2 class=\"section-title\" style=\"color:#737d80;\">Tonte de pelouses<\/h2><h3 class=\"section-subtitle\" style=\"color:#737d80;\"><\/h3>[vc_column_text css=\u00a0\u00bb.vc_custom_1775721402231{margin-top: 40px !important;}\u00a0\u00bb]<\/p>\n<p style=\"text-align: left;\" data-start=\"1304\" data-end=\"1495\">La tonte de pelouse est essentielle pour garder un gazon dense et esth\u00e9tique.<br data-start=\"1381\" data-end=\"1384\" \/>Je r\u00e9alise la tonte r\u00e9guli\u00e8re de votre pelouse avec un mat\u00e9riel professionnel pour un r\u00e9sultat net et homog\u00e8ne.<\/p>\n<p style=\"text-align: left;\" data-start=\"1497\" data-end=\"1507\">Services :<\/p>\n<ul style=\"text-align: left;\" data-start=\"1508\" data-end=\"1600\">\n<li data-section-id=\"1dg57na\" data-start=\"1508\" data-end=\"1541\">Tonte r\u00e9guli\u00e8re ou ponctuelle<\/li>\n<li data-section-id=\"1bycd0k\" data-start=\"1542\" data-end=\"1567\">Finition des bordures<\/li>\n<li data-section-id=\"1h7m6wd\" data-start=\"1568\" data-end=\"1600\">\u00c9vacuation des d\u00e9chets verts<\/li>\n<\/ul>\n<p style=\"text-align: left;\" data-start=\"1602\" data-end=\"1671\">Votre pelouse reste verte, propre et bien structur\u00e9e toute la saison.<\/p>\n<p>&nbsp;<\/p>\n<p>[\/vc_column_text][\/vc_column][vc_column width=\u00a0\u00bb1\/2&Prime; css=\u00a0\u00bb.vc_custom_1489764115579{padding-top: 120px !important;padding-bottom: 120px !important;}\u00a0\u00bb offset=\u00a0\u00bbvc_col-lg-offset-1 vc_col-lg-4 vc_col-md-offset-1 vc_col-md-4&Prime;][vc_single_image image=\u00a0\u00bb3245&Prime; img_size=\u00a0\u00bbfull\u00a0\u00bb css=\u00a0\u00bb\u00a0\u00bb][\/vc_column][\/vc_row][vc_row full_width=\u00a0\u00bbstretch_row\u00a0\u00bb equal_height=\u00a0\u00bbyes\u00a0\u00bb css=\u00a0\u00bb.vc_custom_1775721770150{margin-top: 50px !important;margin-bottom: 35px !important;background-color: #f5f7f7 !important;}\u00a0\u00bb][vc_column width=\u00a0\u00bb1\/2&Prime; klb_responsive=\u00a0\u00bb.vc_custom_1489996579417{padding-right: 0px !important;padding-left: 0px !important;}\u00a0\u00bb][vc_single_image image=\u00a0\u00bb3242&Prime; img_size=\u00a0\u00bbfull\u00a0\u00bb css=\u00a0\u00bb\u00a0\u00bb][\/vc_column][vc_column width=\u00a0\u00bb1\/2&Prime; css=\u00a0\u00bb.vc_custom_1489764115579{padding-top: 120px !important;padding-bottom: 120px !important;}\u00a0\u00bb offset=\u00a0\u00bbvc_col-lg-offset-1 vc_col-lg-4 vc_col-md-offset-1 vc_col-md-4&Prime;]<h2 class=\"section-title\" style=\"color:#737d80;\">Taille de haies et arbustes<\/h2><h3 class=\"section-subtitle\" style=\"color:#737d80;\"><\/h3>[vc_column_text css=\u00a0\u00bb.vc_custom_1774437620800{margin-top: 40px !important;}\u00a0\u00bb]<\/p>\n<p data-start=\"1715\" data-end=\"1919\">La taille de haies permet de structurer votre jardin et de pr\u00e9server la sant\u00e9 de vos plantations.<br data-start=\"1812\" data-end=\"1815\" \/>J\u2019interviens pour la taille de haies de toutes hauteurs, ainsi que pour la taille d\u2019arbustes d\u00e9coratifs.<\/p>\n<p data-start=\"1921\" data-end=\"1934\">Prestations :<\/p>\n<ul data-start=\"1935\" data-end=\"2040\">\n<li data-section-id=\"13f76td\" data-start=\"1935\" data-end=\"1974\">Taille de haies droites et pr\u00e9cises<\/li>\n<li data-section-id=\"twh761\" data-start=\"1975\" data-end=\"2013\">Taille de formation et d\u2019entretien<\/li>\n<li data-section-id=\"lda2dn\" data-start=\"2014\" data-end=\"2040\">\u00c9vacuation des d\u00e9chets<\/li>\n<\/ul>\n<p data-start=\"2042\" data-end=\"2095\">Un travail propre et soign\u00e9 pour un rendu impeccable.<\/p>\n<p>[\/vc_column_text][\/vc_column][\/vc_row][vc_row full_width=\u00a0\u00bbstretch_row\u00a0\u00bb equal_height=\u00a0\u00bbyes\u00a0\u00bb css=\u00a0\u00bb.vc_custom_1775721812384{margin-top: 50px !important;background-color: #f5f7f7 !important;}\u00a0\u00bb][vc_column width=\u00a0\u00bb1\/2&Prime; klb_responsive=\u00a0\u00bb.vc_custom_1774606737610{margin-top: 50px !important;padding-right: 0px !important;padding-left: 0px !important;}\u00a0\u00bb css=\u00a0\u00bb.vc_custom_1774606737609{margin-top: 50px !important;margin-bottom: 50px !important;}\u00a0\u00bb]<h2 class=\"section-title\" style=\"color:#737d80;\">Cr\u00e9ation et am\u00e9nagement de jardin<\/h2><h3 class=\"section-subtitle\" style=\"color:#737d80;\"><\/h3>[vc_column_text css=\u00a0\u00bb.vc_custom_1774866800346{margin-top: 40px !important;margin-bottom: 35px !important;padding-bottom: 20px !important;}\u00a0\u00bb]<\/p>\n<p data-start=\"2145\" data-end=\"2303\">Vous souhaitez cr\u00e9er un nouveau jardin ou r\u00e9am\u00e9nager un espace ext\u00e9rieur existant ?<br data-start=\"2228\" data-end=\"2231\" \/>Je vous accompagne dans la conception et la r\u00e9alisation de votre projet.<\/p>\n<p data-start=\"2305\" data-end=\"2324\">Services propos\u00e9s :<\/p>\n<ul data-start=\"2325\" data-end=\"2429\">\n<li data-section-id=\"rw2njw\" data-start=\"2325\" data-end=\"2348\">Cr\u00e9ation de massifs<\/li>\n<li data-section-id=\"1aratyy\" data-start=\"2349\" data-end=\"2375\">Plantation de v\u00e9g\u00e9taux<\/li>\n<li data-section-id=\"gcqzxp\" data-start=\"2376\" data-end=\"2402\">Am\u00e9nagement esth\u00e9tique<\/li>\n<li data-section-id=\"em796k\" data-start=\"2403\" data-end=\"2429\">Conseils personnalis\u00e9s<\/li>\n<\/ul>\n<p data-start=\"2431\" data-end=\"2487\">Chaque projet est adapt\u00e9 \u00e0 vos envies et \u00e0 votre budget.<\/p>\n<p>[\/vc_column_text][\/vc_column][vc_column width=\u00a0\u00bb1\/2&Prime; css=\u00a0\u00bb.vc_custom_1489764115579{padding-top: 120px !important;padding-bottom: 120px !important;}\u00a0\u00bb offset=\u00a0\u00bbvc_col-lg-offset-1 vc_col-lg-4 vc_col-md-offset-1 vc_col-md-4&Prime;][vc_single_image image=\u00a0\u00bb3202&Prime; img_size=\u00a0\u00bbfull\u00a0\u00bb css=\u00a0\u00bb\u00a0\u00bb][\/vc_column][\/vc_row]<\/p>\n<\/div>","protected":false},"excerpt":{"rendered":"<p>[vc_row full_width=\u00a0\u00bbstretch_row_content_no_spaces\u00a0\u00bb][vc_column][\/vc_column][\/vc_row][vc_row full_width=\u00a0\u00bbstretch_row\u00a0\u00bb equal_height=\u00a0\u00bbyes\u00a0\u00bb css=\u00a0\u00bb.vc_custom_1775721801962{margin-top: 50px !important;background-color: #f5f7f7 !important;}\u00a0\u00bb][vc_column width=\u00a0\u00bb1\/2&Prime; klb_responsive=\u00a0\u00bb.vc_custom_1489996579417{padding-right: 0px !important;padding-left: 0px !important;}\u00a0\u00bb][vc_column_text css=\u00a0\u00bb.vc_custom_1775721402231{margin-top: 40px !important;}\u00a0\u00bb] La tonte de pelouse est essentielle pour garder un gazon dense et esth\u00e9tique.Je r\u00e9alise la tonte r\u00e9guli\u00e8re de votre pelouse avec un mat\u00e9riel professionnel pour un r\u00e9sultat net et homog\u00e8ne. Services : Tonte r\u00e9guli\u00e8re ou ponctuelle Finition<\/p>\n<div class=\"text-left\"><a class=\"btn btn-main btn-lg\" href=\"https:\/\/www.gardenmood.be\/\" >READ MORE<\/a><\/div>\n","protected":false},"author":1,"featured_media":0,"parent":0,"menu_order":0,"comment_status":"closed","ping_status":"closed","template":"","meta":{"footnotes":""},"class_list":["post-686","page","type-page","status-publish","hentry","blog-item"],"_links":{"self":[{"href":"https:\/\/www.gardenmood.be\/index.php\/wp-json\/wp\/v2\/pages\/686","targetHints":{"allow":["GET"]}}],"collection":[{"href":"https:\/\/www.gardenmood.be\/index.php\/wp-json\/wp\/v2\/pages"}],"about":[{"href":"https:\/\/www.gardenmood.be\/index.php\/wp-json\/wp\/v2\/types\/page"}],"author":[{"embeddable":true,"href":"https:\/\/www.gardenmood.be\/index.php\/wp-json\/wp\/v2\/users\/1"}],"replies":[{"embeddable":true,"href":"https:\/\/www.gardenmood.be\/index.php\/wp-json\/wp\/v2\/comments?post=686"}],"version-history":[{"count":33,"href":"https:\/\/www.gardenmood.be\/index.php\/wp-json\/wp\/v2\/pages\/686\/revisions"}],"predecessor-version":[{"id":3393,"href":"https:\/\/www.gardenmood.be\/index.php\/wp-json\/wp\/v2\/pages\/686\/revisions\/3393"}],"wp:attachment":[{"href":"https:\/\/www.gardenmood.be\/index.php\/wp-json\/wp\/v2\/media?parent=686"}],"curies":[{"name":"wp","href":"https:\/\/api.w.org\/{rel}","templated":true}]}}